. What is the units digit of d(6)?
8
Let s be 0/(4/((-20)/5)). What is the units digit of 1 + s + -5 - -58?
4
Let h(b) = -214*b + 36. What is the hundreds digit of h(-7)?
5
Let f(u) = -u**2 + 13*u - 1. Let s be f(9). Suppose 12 = 2*l + 2*l, -5*l - s = 5*z. What is the units digit of 723/15 - 8/z?
9
What is the tens digit of (-26)/(-195) - (-131484)/45?
2
Let v = -58 - -82. Suppose 0 = -3*g + 39 - 9. What is the units digit of (-18)/g*(-80)/v?
6
Let l be 5/((-1)/(-3)*3). Let a(k) = 0*k**3 - k**3 - l + 12*k**2 + 2*k - 4. What is the units digit of a(12)?
5
Let j(p) = 3*p**2 - 4*p - 448. What is the thousands digit of j(-31)?
2
Let f(l) = 4*l**2 - 16*l - 11. Let t(d) = -2*d + 16. Let c be t(5). Let x(z) = -5*z**2 + 17*z + 12. Let b(q) = c*f(q) + 5*x(q). What is the tens digit of b(-8)?
1
Let p = -381 + 709. What is the hundreds digit of p?
3
Suppose -7*x + 12*x - 10 = 0. What is the units digit of -4 + x + -3 + 42?
7
Let o(h) be the second derivative of h**5/20 + 2*h**4/3 + h**3/6 + 6*h**2 - 12*h. What is the units digit of o(-8)?
4
Suppose 18*b - 35115 - 47271 = 0. What is the thousands digit of b?
4
Let n be ((-1)/(3/(-5)))/((-3)/(-9)). Suppose -j = 4*h + h - 667, 661 = n*h + 3*j. What is the units digit of h?
4
Suppose -3*h = -4*c - 8, 5*h - 21 = 3*c - 4*c. Suppose 0 = -3*v - x - h*x + 28, 0 = -2*x + 10. What is the tens digit of v/(-5) + (-618)/(-15)?
4
Suppose 5*k + 2*b - 8494 = 0, k + 0*k - 4*b - 1712 = 0. What is the units digit of k?
0
Let s(m) = 167*m**3 + 4*m**2 - 3*m. What is the hundreds digit of s(1)?
1
Let y be (140/6)/((-12)/(-54)). What is the tens digit of ((-24)/(-20))/(6/y)?
2
Let q be 3 - (-4)/2 - (-4)/4. What is the tens digit of 676/q + 5*(-5)/(-75)?
1
Let k(a) = -9*a - 10. Let n(c) = -8*c - 9. Let l(m) = -3*k(m) + 4*n(m). What is the units digit of l(-3)?
9
What is the units digit of 9710/25*25/10?
1
Suppose -2*u = -2 - 34. What is the units digit of u?
8
Suppose -11*b = 3*j - 6*b - 558, -5*j - 3*b + 914 = 0. What is the hundreds digit of j?
1
Let m be 1*(-1 - -2) - (-160)/(-8). Let h = m - -47. What is the units digit of h?
8
Let z(q) = 24*q**3 - 4*q**2 + 2*q + 7. What is the tens digit of z(3)?
2
Let i = -3 + -2. Let t = i - -9. Suppose 2*r + 3*r + 69 = 4*g, -29 = -t*g - 3*r. What is the units digit of g?
1
Let j = 4293 - 2239. What is the thousands digit of j?
2
Let f(b) = -2*b**2 - 14*b + 15. Let g be 70/(-15)*(-9)/(-6). What is the units digit of f(g)?
5
Let h be (-3 - -4) + -3 + 24. Suppose 0 = -h*g + 23*g - 224. What is the hundreds digit of g?
2
Suppose 2*o = 4*c - 914, -o = 9*c - 7*c - 467. What is the hundreds digit of c?
2
Let b = 3423 - 2283. What is the thousands digit of b?
1
Let k(x) = -7*x**2 + x - 24. Let d(s) = -3*s**2 + s - 12. Let r(u) = 9*d(u) - 4*k(u). What is the tens digit of r(7)?
7
Let m(u) = -2*u**3 - 3*u**2 + 3*u - 4. Let f be m(-3). Let j = 11 + -6. Let w = f - j. What is the units digit of w?
9
Suppose -1406 = -0*s - s - 4*q, 0 = 3*s + q - 4229. What is the units digit of s?
0
Suppose -1187 = -3*g + 2*i, 833 = 5*g + 2*i - 1140. Suppose g = 3*n - 3*k - 97, -4 = -k. What is the hundreds digit of n?
1
Let x(h) = 33*h**2 - 2*h + 5. What is the tens digit of x(-2)?
4
Let t = -1499 + 2579. Suppose 6*a + t = 10*a. What is the hundreds digit of a?
2
Suppose -5*c - 3*a = 2*a - 395, 0 = -c - 2*a + 84. What is the tens digit of c?
7
Let w = -18 - -18. Suppose 8*l - 24 = -w*l. Suppose l*a = 5*a + 5*g - 125, -25 = -a + 5*g. What is the tens digit of a?
5
Let p = 2654 - 1163. What is the tens digit of p?
9
Let z be 1 + (4 - -1493) - 0. Suppose 0 = 9*f - z - 779. What is the hundreds digit of f?
2
Let l = -15 + 18. Suppose 0 = -l*k - 3, 4*h = -k - k + 6. Suppose -62 = -h*g - 2. What is the tens digit of g?
3
Let g(x) = x**3 - 3*x**2 + 3*x + 3. Let i be g(3). Let q be 36/(-16) + 3/i. What is the units digit of (-2)/q*-1*-14?
4
Let w be -4 - (-11 + -2) - 0. Suppose 5*d - 146 = -2*b, 3*b + 10 + w = d. What is the units digit of d?
8
Let q(w) = -w**3 + 31*w**2 + 7*w + 44. What is the hundreds digit of q(29)?
9
Suppose -2*u - 4*m - 64 = 0, -3*m = -8*m + 5. Let k = u + 94. What is the tens digit of k?
6
Suppose -25 = d - 3*v, 0 = 2*d + v + 3*v + 20. Let g be ((-3)/3 + d)/(-1). Suppose -g = -5*j + 93. What is the tens digit of j?
2
Suppose -3*g + 2*n = 3*n - 87, 0 = 2*g - n - 63. Let j = g + 35. What is the tens digit of j?
6
Let p(m) = 7*m**3 - 3*m**2 - 9*m + 27. What is the units digit of p(5)?
2
Suppose 3*c - 922 = 428. Suppose -31*o = -26*o - c. What is the units digit of o?
0
Suppose 2*p - 9 = -f, -9*f + 6 = -p - 6*f. What is the hundreds digit of p/(-12) + 3225/20?
1
Let j = 9 - 6. Let s = 10 - j. Let f = s + -6. What is the units digit of f?
1
Suppose j + v = 13, 4*j = -v + 3*v + 28. Let p(w) = -11*w - 4*w + 21 + 7*w + 6*w + w. What is the tens digit of p(j)?
1
Suppose j - 30 = -4*j. Let h(a) = 2 - j*a**3 - 2*a + 7*a**3 + 2*a**2 - 2*a + 0*a**2. What is the tens digit of h(3)?
3
Suppose -2899 = -4*m + 1713. What is the hundreds digit of m?
1
Let b(m) = m**3 + 23*m**2 - 29*m - 48. What is the tens digit of b(-23)?
1
Suppose j = -o - 5, 0*j = 4*o + j + 8. What is the units digit of o*((-10)/5 - 87)?
9
Let m(t) = 75*t**2 - t + 1. Let a be m(1). Suppose -3*d = -51 - a. What is the tens digit of d?
4
Let h be (-4 + 7)*11*(1 + -3). Let t = h + 132. What is the tens digit of t?
6
Suppose 6359 + 4120 = 3*c + 3*h, 0 = 5*c + 2*h - 17465. What is the units digit of c?
3
Let o = -1094 - -1587. What is the tens digit of o?
9
Let j(b) = b**2 - 57. Let l be j(-9). Let w be ((-12)/(-10))/(3/10). Suppose 0 = w*o + 3*c - l, -7*o + c = -5*o - 2. What is the units digit of o?
3
Let d = 7 - -19. Suppose -i - 7*t = -3*t - d, 0 = 5*i - 3*t - 130. Suppose 0 = -y + i + 11. What is the units digit of y?
7
Let r(j) = -j**3 + j + 2. Let b be r(0). What is the tens digit of (-7685)/(-95) - b/(-19)?
8
Suppose -178 + 526 = -2*q. Let j = -120 - q. Suppose 2*p - j = -p - 4*m, p = -4*m + 18. What is the tens digit of p?
1
Let a = -2891 - -7480. What is the hundreds digit of a?
5
Suppose 4*p - 3*p - 17 = 0. Suppose 1397 = p*s + 156. What is the units digit of s?
3
Let p(l) = l**3 - 3*l**2 - 7*l + 4. Let z be p(5). Suppose z*b = 11*b + 1016. What is the tens digit of b?
2
Let q = -6 - -8. Suppose 5*d + x + 81 = 0, 5*x - 15 - 12 = q*d. Let v = -8 - d. What is the units digit of v?
8
What is the units digit of -4 - (1 + 0)/(15/(-1545))?
9
Suppose -95 = 6*q + 223. Suppose 3*s + 42 = -2*a - 37, 3*a = -s - 17. Let k = s - q. What is the tens digit of k?
2
What is the hundreds digit of (-48)/72*813/(-2)?
2
Let v(u) = -7*u - 17 + 8 + 11*u - 11. What is the tens digit of v(8)?
1
Let n(q) = -312*q**3 - 3*q**2 - q - 1. What is the hundreds digit of n(-1)?
3
Let g be 0*(-3 + 14/4). Suppose g = z - 0 + 4. Let f = z + 18. What is the tens digit of f?
1
Suppose -142 = -11*p + 10*p. Let i = 216 - p. What is the tens digit of i?
7
Suppose -2775 = -5*c + 1495. Suppose 4*v - 2*k = c, 3*v - 4*v + 213 = -k. What is the tens digit of 18/(-45) - v/(-10)?
2
Suppose -5*b - 2335 = -5*h, b + 179 + 751 = 2*h. Let g = h - 237. What is the hundreds digit of g?
2
Suppose -4*x - 12 = -5*b, -3*b = -3*x - 0 - 6. Suppose 0 = -5*d - 13 + 28. Suppose -b*p = -n - 57, -d*n - 5 = -2*n. What is the tens digit of p?
1
Suppose 8*w = 13*w + 75. Let g = 7 - w. What is the units digit of g?
2
Let b = 855 - 770. What is the units digit of b?
5
Suppose -29 + 28 = -l. What is the units digit of ((-12)/30)/((-1353)/1350 + l)?
0
Let a be (-3)/(-4) - (-9 + 295/20). What is the units digit of (3 + a)*(-441)/6?
7
What is the hundreds digit of (-316)/(-6)*(-25 - -37)?
6
Let j(y) = 4*y**2 + 38. What is the hundreds digit of j(4)?
1
Suppose -3*q - 2 = -14. Suppose -5*f = -q*v - 76, v + 9 = -2*f + 29. What is the units digit of f?
2
Let j(i) = -i**2 - 25*i + 24. Let b be j(-21). Suppose -3*f + b = -111. What is the tens digit of f?
7
Let i = -63 + 121. Let s = 118 + -115. Suppose -i + 7 = -s*c - 3*x, -3*c - 4*x = -56. What is the tens digit of c?
1
Let x = 1173 - 808. What is the hundreds digit of x?
3
Suppose -4*z = 2*b - b - 7, -7 = 2*z - 3*b. Let k be (z/(-2))/(1/(-204)). Suppose 0*w = 2*w - k. What is the units digit of w?
1
Suppose 4*a + 0*o + 4 = 3*o, 3*o - 14 = -a. Suppose -a*b + m + 13 = 